979?
3, 13, 461
List the prime factors of 1689.
3, 563
List the prime factors of 6759.
3, 751
What are the prime factors of 12458?
2, 6229
List the prime factors of 22506.
2, 3, 11, 31
What are the prime factors of 2387?
7, 11, 31
List the prime factors of 1120.
2, 5, 7
What are the prime factors of 62171?
62171
What are the prime factors of 11804?
2, 13, 227
What are the prime factors of 263?
263
What are the prime factors of 8409?
3, 2803
List the prime factors of 4007.
4007
What are the prime factors of 607?
607
List the prime factors of 31649.
31649
What are the prime factors of 16471?
7, 13, 181
What are the prime factors of 9891?
3, 7, 157
What are the prime factors of 23158?
2, 11579
List the prime factors of 71342.
2, 35671
List the prime factors of 16496.
2, 1031
What are the prime factors of 910?
2, 5, 7, 13
What are the prime factors of 1055?
5, 211
List the prime factors of 6618.
2, 3, 1103
What are the prime factors of 33496?
2, 53, 79
What are the prime factors of 11045?
5, 47
What are the prime factors of 8348?
2, 2087
What are the prime factors of 1174?
2, 587
List the prime factors of 3183.
3, 1061
What are the prime factors of 1623?
3, 541
What are the prime factors of 103?
103
What are the prime factors of 1384?
2, 173
List the prime factors of 3462.
2, 3, 577
What are the prime factors of 470?
2, 5, 47
List the prime factors of 1167.
3, 389
List the prime factors of 1743.
3, 7, 83
What are the prime factors of 1433?
1433
List the prime factors of 10320.
2, 3, 5, 43
What are the prime factors of 4925?
5, 197
List the prime factors of 9134.
2, 4567
List the prime factors of 1484.
2, 7, 53
List the prime factors of 1457.
31, 47
What are the prime factors of 480?
2, 3, 5
List the prime factors of 5813.
5813
List the prime factors of 384.
2, 3
What are the prime factors of 267?
3, 89
What are the prime factors of 10124?
2, 2531
List the prime factors of 2469.
3, 823
What are the prime factors of 6700?
2, 5, 67
List the prime factors of 61402.
2, 11, 2791
What are the prime factors of 5178?
2, 3, 863
What are the prime factors of 8188?
2, 23, 89
List the prime factors of 2396.
2, 599
List the prime factors of 18103.
43, 421
What are the prime factors of 27357?
3, 11, 829
What are the prime factors of 33934?
2, 19, 47
List the prime factors of 17573.
17573
What are the prime factors of 611?
13, 47
List the prime factors of 543.
3, 181
List the prime factors of 2507.
23, 109
List the prime factors of 8635.
5, 11, 157
List the prime factors of 6326.
2, 3163
List the prime factors of 185.
5, 37
What are the prime factors of 85?
5, 17
What are the prime factors of 1609?
1609
What are the prime factors of 142488?
2, 3, 1979
What are the prime factors of 644?
2, 7, 23
List the prime factors of 1987.
1987
List the prime factors of 84177.
3, 47, 199
What are the prime factors of 5724?
2, 3, 53
List the prime factors of 600.
2, 3, 5
What are the prime factors of 868?
2, 7, 31
List the prime factors of 1571.
1571
List the prime factors of 1635.
3, 5, 109
List the prime factors of 496.
2, 31
List the prime factors of 66823.
19, 3517
List the prime factors of 749.
7, 107
List the prime factors of 10259.
10259
List the prime factors of 12741.
3, 31, 137
What are the prime factors of 4142?
2, 19, 109
What are the prime factors of 17342?
2, 13, 23, 29
What are the prime factors of 18938?
2, 17, 557
What are the prime factors of 6743?
11, 613
What are the prime factors of 67?
67
What are the prime factors of 916?
2, 229
What are the prime factors of 72244?
2, 18061
What are the prime factors of 86108?
2, 11, 19, 103
What are the prime factors of 2826?
2, 3, 157
List the prime factors of 190230.
2, 3, 5, 17, 373
What are the prime factors of 3230?
2, 5, 17, 19
What are the prime factors of 2350?
2, 5, 47
List the prime factors of 3959.
37, 107
What are the prime factors of 3422?
2, 29, 59
List the prime factors of 13263.
3, 4421
What are the prime factors of 3029?
13, 233
List the prime factors of 26243.
7, 23, 163
What are the prime factors of 921?
3, 307
What are the prime factors of 2205?
3, 5, 7
List the prime factors of 824.
2, 103
List the prime factors of 5090.
2, 5, 509
What are the prime factors of 36735?
3, 5, 31, 79
List the prime factors of 308.
2, 7, 11
What are the prime factors of 45972?
2, 3, 1277
What are the prime factors of 7314?
2, 3, 23, 53
List the prime factors of 16221.
3, 5407
List the prime factors of 42380.
2, 5, 13, 163
List the prime factors of 13729.
13729
What are the prime factors of 4016?
2, 251
What are the prime factors of 2744?
2, 7
List the prime factors of 17090.
2, 5, 1709
What are the prime factors of 271?
271
What are the prime factors of 24311?
7, 23, 151
List the prime factors of 90583.
90583
List the prime factors of 294.
2, 3, 7
What are the prime factors of 5144?
2, 643
List the prime factors of 1935.
3, 5, 43
What are the prime factors of 1731?
3, 577
List the prime factors of 11162.
2, 5581
List the prime factors of 1658.
2, 829
List the prime factors of 8396.
2, 2099
List the prime factors of 1540.
2, 5, 7, 11
What are the prime factors of 432?
2, 3
List the prime factors of 30519.
3, 3391
List the prime factors of 625.
5
List the prime factors of 1181.
1181
List the prime factors of 1298.
2, 11, 59
List the prime factors of 14498.
2, 11, 659
List the prime factors of 25677.
3, 317
What are the prime factors of 80904?
2, 3, 3371
List the prime factors of 1608.
2, 3, 67
List the prime factors of 961.
31
List the prime factors of 9708.
2, 3, 809
What are the prime factors of 6308?
2, 19, 83
What are the prime factors of 7385?
5, 7, 211
What are the prime factors of 3749?
23, 163
What are the prime factors of 22264?
2, 11, 23
List the prime factors of 1111.
11, 101
List the prime factors of 35381.
35381
What are the prime factors of 1066?
2, 13, 41
What are the prime factors of 413?
7, 59
List the prime factors of 3772.
2, 23, 41
List the prime factors of 1676.
2, 419
What are the prime factors of 299?
13, 23
List the prime factors of 32130.
2, 3, 5, 7, 17
What are the prime factors of 258?
2, 3, 43
List the prime factors of 1199.
11, 109
List the prime factors of 1847.
1847
List the prime factors of 713.
23, 31
List the prime factors of 16.
2
List the prime factors of 181236.
2, 3, 11, 1373
List the prime factors of 1867.
1867
What are the prime factors of 5410?
2, 5, 541
List the prime factors of 11384.
2, 1423
What are the prime factors of 4992?
2, 3, 13
List the prime factors of 30812.
2, 7703
List the prime factors of 1798.
2, 29, 31
List the prime factors of 2495.
5, 499
List the prime factors of 84844.
2, 21211
What are the prime factors of 12957?
3, 7, 617
What are the prime factors of 747?
3, 83
List the prime factors of 2511.
3, 31
List the prime factors of 135670.
2, 5, 13567
List the prime factors of 309.
3, 103
List the prime factors of 14041.
19, 739
What are the prime factors of 1802?
2, 17, 53
List the prime factors of 19698.
2, 3, 7, 67
List the prime factors of 700.
2, 5, 7
What are the prime factors of 1411?
17, 83
List the prime factors of 767.
13, 59
List the prime factors of 12198.
2, 3, 19, 107
What are the prime factors of 6135?
3, 5, 409
What are the prime factors of 35050?
2, 5, 701
What are the prime factors of 37?
37
List the prime factors of 602.
2, 7, 43
List the prime factors of 524.
2, 131
List the prime factors of 5520.
2, 3, 5, 23
What are the prime factors of 62146?
2, 7, 23, 193
What are the prime factors of 474?
2, 3, 79
List the prime factors of 71808.
2, 3, 11, 17
List the prime factors of 35480.
2, 5, 887
List the prime factors of 1946.
2, 7, 139
List the prime factors of 1560.
2, 3, 5, 13
List the prime factors of 18509.
83, 223
What are the prime factors of 591?
3, 197
List the prime factors of 3808.
2, 7, 17
What are the prime factors of 7397?
13, 569
What are the prime factors of 557?
557
What are the prime factors of 1913?
1913
What are the prime factors of 61973?
29, 2137
What are the prime factors of 1565?
5, 313
List the prime factors of 56492.
2, 29, 487
List the prime factors of 13811.
7, 1973
What are the prime factors of 2261?
7, 17, 19
List the prime factors of 126674.
2, 63337
What are the prime factors of 18507?
3, 31, 199
List the prime facto